{"id":57814,"date":"2026-03-12T13:08:22","date_gmt":"2026-03-12T12:08:22","guid":{"rendered":"https:\/\/www.greeneconomyfestival.it\/tc-events\/la-grande-transizione-del-capitalismo\/"},"modified":"2026-04-17T18:40:07","modified_gmt":"2026-04-17T16:40:07","slug":"la-grande-transizione-del-capitalismo","status":"publish","type":"tc_events","link":"https:\/\/www.greeneconomyfestival.it\/en\/tc-events\/la-grande-transizione-del-capitalismo\/","title":{"rendered":"LA GRANDE TRANSIZIONE DEL CAPITALISMO"},"content":{"rendered":"<p>Sin dai tempi di Joseph Schumpeter, sappiamo che il capitalismo funziona per cicli economici. Quando la sua potenza espansiva viene meno, il sistema si riorganizza. \u00c8 quello che succede dopo la crisi del 2008, nel momento in cui le spinte dell\u2019off-shoring e dell\u2019economia globale si affievoliscono. In questo frangente, i grandi magnati del capitale avviano una profonda trasformazione economica, politica e culturale: il digitale, i social media, l\u2019intelligenza artificiale e l\u2019energia pulita sono i driver di questa metamorfosi, che incide anche sulle relazioni tra gli Stati sovrani. \u00c8 su questi presupposti che le \u00e9lite economiche internazionali rivedono la narrazione con cui si presentano a consumatori e mercati. Non pi\u00f9 la fine della storia \u2013 che, nel corso degli anni, ha sospinto il mercato globale \u2013 bens\u00ec la sostenibilit\u00e0: la Transizione ecologica, direbbe Jacques Lacan, \u00e8 il nuovo discorso della legittimazione capitalistica. Ai giorni nostri, mentre Stati Uniti e Cina si sfidano per i commerci e per la supremazia cognitiva, gli scenari energetici previsti dalle istituzioni pi\u00f9 autorevoli delineano la contrazione della domanda di combustibili fossili e la progressiva crescita di fonti alternative. In Gran Bretagna \u00e8 stata spenta l\u2019ultima centrale a carbone. Contrariamente a quanto afferma Donald Trump, il Green Deal \u2013 che spesso viene confuso con cultura e capitalismo woke \u2013 non \u00e8 finito e non finir\u00e0: il grande capitale (europeo, cinese e, anche, americano) ha adottato questa proiezione e questo codice linguistico. Non si tratta soltanto di una Transizione digitale ed energetica: \u00e8, in fondo, la Grande Transizione del capitalismo.<\/p>\n","protected":false},"featured_media":0,"template":"","event_category":[106,96,63],"giorno-evento":[87],"class_list":["post-57814","tc_events","type-tc_events","status-publish","hentry","event_category-live-streaming","event_category-premio-green-book","event_category-programma","giorno-evento-sabato"],"acf":[],"yoast_head":"<!-- This site is optimized with the Yoast SEO plugin v27.0 - https:\/\/yoast.com\/product\/yoast-seo-wordpress\/ -->\n<title>LA GRANDE TRANSIZIONE DEL CAPITALISMO - Green Economy Festival<\/title>\n<meta name=\"robots\" content=\"index, follow, max-snippet:-1, max-image-preview:large, max-video-preview:-1\" \/>\n<link rel=\"canonical\" href=\"https:\/\/www.greeneconomyfestival.it\/en\/tc-events\/la-grande-transizione-del-capitalismo\/\" \/>\n<meta property=\"og:locale\" content=\"en_US\" \/>\n<meta property=\"og:type\" content=\"article\" \/>\n<meta property=\"og:title\" content=\"LA GRANDE TRANSIZIONE DEL CAPITALISMO - Green Economy Festival\" \/>\n<meta property=\"og:description\" content=\"Sin dai tempi di Joseph Schumpeter, sappiamo che il capitalismo funziona per cicli economici. Quando la sua potenza espansiva viene meno, il sistema si riorganizza. \u00c8 quello che succede dopo la crisi del 2008, nel momento in cui le spinte dell\u2019off-shoring e dell\u2019economia globale si affievoliscono. In questo frangente, i grandi magnati del capitale avviano...\" \/>\n<meta property=\"og:url\" content=\"https:\/\/www.greeneconomyfestival.it\/en\/tc-events\/la-grande-transizione-del-capitalismo\/\" \/>\n<meta property=\"og:site_name\" content=\"Green Economy Festival\" \/>\n<meta property=\"article:modified_time\" content=\"2026-04-17T16:40:07+00:00\" \/>\n<meta property=\"og:image\" content=\"https:\/\/www.greeneconomyfestival.it\/wp-content\/uploads\/2016\/12\/cropped-FAVICON.jpg\" \/>\n\t<meta property=\"og:image:width\" content=\"512\" \/>\n\t<meta property=\"og:image:height\" content=\"512\" \/>\n\t<meta property=\"og:image:type\" content=\"image\/jpeg\" \/>\n<meta name=\"twitter:card\" content=\"summary_large_image\" \/>\n<meta name=\"twitter:label1\" content=\"Est. reading time\" \/>\n\t<meta name=\"twitter:data1\" content=\"2 minutes\" \/>\n<script type=\"application\/ld+json\" class=\"yoast-schema-graph\">{\"@context\":\"https:\/\/schema.org\",\"@graph\":[{\"@type\":\"WebPage\",\"@id\":\"https:\/\/www.greeneconomyfestival.it\/en\/tc-events\/la-grande-transizione-del-capitalismo\/\",\"url\":\"https:\/\/www.greeneconomyfestival.it\/en\/tc-events\/la-grande-transizione-del-capitalismo\/\",\"name\":\"LA GRANDE TRANSIZIONE DEL CAPITALISMO - Green Economy Festival\",\"isPartOf\":{\"@id\":\"https:\/\/www.greeneconomyfestival.it\/en\/#website\"},\"datePublished\":\"2026-03-12T12:08:22+00:00\",\"dateModified\":\"2026-04-17T16:40:07+00:00\",\"breadcrumb\":{\"@id\":\"https:\/\/www.greeneconomyfestival.it\/en\/tc-events\/la-grande-transizione-del-capitalismo\/#breadcrumb\"},\"inLanguage\":\"en-US\",\"potentialAction\":[{\"@type\":\"ReadAction\",\"target\":[\"https:\/\/www.greeneconomyfestival.it\/en\/tc-events\/la-grande-transizione-del-capitalismo\/\"]}]},{\"@type\":\"BreadcrumbList\",\"@id\":\"https:\/\/www.greeneconomyfestival.it\/en\/tc-events\/la-grande-transizione-del-capitalismo\/#breadcrumb\",\"itemListElement\":[{\"@type\":\"ListItem\",\"position\":1,\"name\":\"Events\",\"item\":\"https:\/\/www.greeneconomyfestival.it\/en\/tc-events\/\"},{\"@type\":\"ListItem\",\"position\":2,\"name\":\"LA GRANDE TRANSIZIONE DEL CAPITALISMO\"}]},{\"@type\":\"WebSite\",\"@id\":\"https:\/\/www.greeneconomyfestival.it\/en\/#website\",\"url\":\"https:\/\/www.greeneconomyfestival.it\/en\/\",\"name\":\"Green Economy Festival\",\"description\":\"Festival della Green Economy\",\"potentialAction\":[{\"@type\":\"SearchAction\",\"target\":{\"@type\":\"EntryPoint\",\"urlTemplate\":\"https:\/\/www.greeneconomyfestival.it\/en\/?s={search_term_string}\"},\"query-input\":{\"@type\":\"PropertyValueSpecification\",\"valueRequired\":true,\"valueName\":\"search_term_string\"}}],\"inLanguage\":\"en-US\"}]}<\/script>\n<!-- \/ Yoast SEO plugin. -->","yoast_head_json":{"title":"LA GRANDE TRANSIZIONE DEL CAPITALISMO - Green Economy Festival","robots":{"index":"index","follow":"follow","max-snippet":"max-snippet:-1","max-image-preview":"max-image-preview:large","max-video-preview":"max-video-preview:-1"},"canonical":"https:\/\/www.greeneconomyfestival.it\/en\/tc-events\/la-grande-transizione-del-capitalismo\/","og_locale":"en_US","og_type":"article","og_title":"LA GRANDE TRANSIZIONE DEL CAPITALISMO - Green Economy Festival","og_description":"Sin dai tempi di Joseph Schumpeter, sappiamo che il capitalismo funziona per cicli economici. Quando la sua potenza espansiva viene meno, il sistema si riorganizza. \u00c8 quello che succede dopo la crisi del 2008, nel momento in cui le spinte dell\u2019off-shoring e dell\u2019economia globale si affievoliscono. In questo frangente, i grandi magnati del capitale avviano...","og_url":"https:\/\/www.greeneconomyfestival.it\/en\/tc-events\/la-grande-transizione-del-capitalismo\/","og_site_name":"Green Economy Festival","article_modified_time":"2026-04-17T16:40:07+00:00","og_image":[{"width":512,"height":512,"url":"https:\/\/www.greeneconomyfestival.it\/wp-content\/uploads\/2016\/12\/cropped-FAVICON.jpg","type":"image\/jpeg"}],"twitter_card":"summary_large_image","twitter_misc":{"Est. reading time":"2 minutes"},"schema":{"@context":"https:\/\/schema.org","@graph":[{"@type":"WebPage","@id":"https:\/\/www.greeneconomyfestival.it\/en\/tc-events\/la-grande-transizione-del-capitalismo\/","url":"https:\/\/www.greeneconomyfestival.it\/en\/tc-events\/la-grande-transizione-del-capitalismo\/","name":"LA GRANDE TRANSIZIONE DEL CAPITALISMO - Green Economy Festival","isPartOf":{"@id":"https:\/\/www.greeneconomyfestival.it\/en\/#website"},"datePublished":"2026-03-12T12:08:22+00:00","dateModified":"2026-04-17T16:40:07+00:00","breadcrumb":{"@id":"https:\/\/www.greeneconomyfestival.it\/en\/tc-events\/la-grande-transizione-del-capitalismo\/#breadcrumb"},"inLanguage":"en-US","potentialAction":[{"@type":"ReadAction","target":["https:\/\/www.greeneconomyfestival.it\/en\/tc-events\/la-grande-transizione-del-capitalismo\/"]}]},{"@type":"BreadcrumbList","@id":"https:\/\/www.greeneconomyfestival.it\/en\/tc-events\/la-grande-transizione-del-capitalismo\/#breadcrumb","itemListElement":[{"@type":"ListItem","position":1,"name":"Events","item":"https:\/\/www.greeneconomyfestival.it\/en\/tc-events\/"},{"@type":"ListItem","position":2,"name":"LA GRANDE TRANSIZIONE DEL CAPITALISMO"}]},{"@type":"WebSite","@id":"https:\/\/www.greeneconomyfestival.it\/en\/#website","url":"https:\/\/www.greeneconomyfestival.it\/en\/","name":"Green Economy Festival","description":"Festival della Green Economy","potentialAction":[{"@type":"SearchAction","target":{"@type":"EntryPoint","urlTemplate":"https:\/\/www.greeneconomyfestival.it\/en\/?s={search_term_string}"},"query-input":{"@type":"PropertyValueSpecification","valueRequired":true,"valueName":"search_term_string"}}],"inLanguage":"en-US"}]}},"_links":{"self":[{"href":"https:\/\/www.greeneconomyfestival.it\/en\/wp-json\/wp\/v2\/tc_events\/57814","targetHints":{"allow":["GET"]}}],"collection":[{"href":"https:\/\/www.greeneconomyfestival.it\/en\/wp-json\/wp\/v2\/tc_events"}],"about":[{"href":"https:\/\/www.greeneconomyfestival.it\/en\/wp-json\/wp\/v2\/types\/tc_events"}],"wp:attachment":[{"href":"https:\/\/www.greeneconomyfestival.it\/en\/wp-json\/wp\/v2\/media?parent=57814"}],"wp:term":[{"taxonomy":"event_category","embeddable":true,"href":"https:\/\/www.greeneconomyfestival.it\/en\/wp-json\/wp\/v2\/event_category?post=57814"},{"taxonomy":"giorno-evento","embeddable":true,"href":"https:\/\/www.greeneconomyfestival.it\/en\/wp-json\/wp\/v2\/giorno-evento?post=57814"}],"curies":[{"name":"wp","href":"https:\/\/api.w.org\/{rel}","templated":true}]}}

<p>Sin dai tempi di Joseph Schumpeter, sappiamo che il capitalismo funziona per cicli economici. Quando la sua potenza espansiva viene meno, il sistema si riorganizza. È quello che succede dopo la crisi del 2008, nel momento in cui le spinte dell’off-shoring e dell’economia globale si affievoliscono. In questo frangente, i grandi magnati del capitale avviano una profonda trasformazione economica, politica e culturale: il digitale, i social media, l’intelligenza artificiale e l’energia pulita sono i driver di questa metamorfosi, che incide anche sulle relazioni tra gli Stati sovrani. È su questi presupposti che le élite economiche internazionali rivedono la narrazione con cui si presentano a consumatori e mercati. Non più la fine della storia – che, nel corso degli anni, ha sospinto il mercato globale – bensì la sostenibilità: la Transizione ecologica, direbbe Jacques Lacan, è il nuovo discorso della legittimazione capitalistica. Ai giorni nostri, mentre Stati Uniti e Cina si sfidano per i commerci e per la supremazia cognitiva, gli scenari energetici previsti dalle istituzioni più autorevoli delineano la contrazione della domanda di combustibili fossili e la progressiva crescita di fonti alternative. In Gran Bretagna è stata spenta l’ultima centrale a carbone. Contrariamente a quanto afferma Donald Trump, il Green Deal – che spesso viene confuso con cultura e capitalismo woke – non è finito e non finirà: il grande capitale (europeo, cinese e, anche, americano) ha adottato questa proiezione e questo codice linguistico. Non si tratta soltanto di una Transizione digitale ed energetica: è, in fondo, la Grande Transizione del capitalismo.</p>

<!-- This site is optimized with the Yoast SEO plugin v27.0 - https://yoast.com/product/yoast-seo-wordpress/ -->
<title>LA GRANDE TRANSIZIONE DEL CAPITALISMO - Green Economy Festival</title>
<meta name="robots" content="index, follow, max-snippet:-1, max-image-preview:large, max-video-preview:-1" />
<link rel="canonical" href="https://www.greeneconomyfestival.it/en/tc-events/la-grande-transizione-del-capitalismo/" />
<meta property="og:locale" content="en_US" />
<meta property="og:type" content="article" />
<meta property="og:title" content="LA GRANDE TRANSIZIONE DEL CAPITALISMO - Green Economy Festival" />
<meta property="og:description" content="Sin dai tempi di Joseph Schumpeter, sappiamo che il capitalismo funziona per cicli economici. Quando la sua potenza espansiva viene meno, il sistema si riorganizza. È quello che succede dopo la crisi del 2008, nel momento in cui le spinte dell’off-shoring e dell’economia globale si affievoliscono. In questo frangente, i grandi magnati del capitale avviano..." />
<meta property="og:url" content="https://www.greeneconomyfestival.it/en/tc-events/la-grande-transizione-del-capitalismo/" />
<meta property="og:site_name" content="Green Economy Festival" />
<meta property="article:modified_time" content="2026-04-17T16:40:07+00:00" />
<meta property="og:image" content="https://www.greeneconomyfestival.it/wp-content/uploads/2016/12/cropped-FAVICON.jpg" />
	<meta property="og:image:width" content="512" />
	<meta property="og:image:height" content="512" />
	<meta property="og:image:type" content="image/jpeg" />
<meta name="twitter:card" content="summary_large_image" />
<meta name="twitter:label1" content="Est. reading time" />
	<meta name="twitter:data1" content="2 minutes" />
<script type="application/ld+json" class="yoast-schema-graph">{"@context":"https://schema.org","@graph":[{"@type":"WebPage","@id":"https://www.greeneconomyfestival.it/en/tc-events/la-grande-transizione-del-capitalismo/","url":"https://www.greeneconomyfestival.it/en/tc-events/la-grande-transizione-del-capitalismo/","name":"LA GRANDE TRANSIZIONE DEL CAPITALISMO - Green Economy Festival","isPartOf":{"@id":"https://www.greeneconomyfestival.it/en/#website"},"datePublished":"2026-03-12T12:08:22+00:00","dateModified":"2026-04-17T16:40:07+00:00","breadcrumb":{"@id":"https://www.greeneconomyfestival.it/en/tc-events/la-grande-transizione-del-capitalismo/#breadcrumb"},"inLanguage":"en-US","potentialAction":[{"@type":"ReadAction","target":["https://www.greeneconomyfestival.it/en/tc-events/la-grande-transizione-del-capitalismo/"]}]},{"@type":"BreadcrumbList","@id":"https://www.greeneconomyfestival.it/en/tc-events/la-grande-transizione-del-capitalismo/#breadcrumb","itemListElement":[{"@type":"ListItem","position":1,"name":"Events","item":"https://www.greeneconomyfestival.it/en/tc-events/"},{"@type":"ListItem","position":2,"name":"LA GRANDE TRANSIZIONE DEL CAPITALISMO"}]},{"@type":"WebSite","@id":"https://www.greeneconomyfestival.it/en/#website","url":"https://www.greeneconomyfestival.it/en/","name":"Green Economy Festival","description":"Festival della Green Economy","potentialAction":[{"@type":"SearchAction","target":{"@type":"EntryPoint","urlTemplate":"https://www.greeneconomyfestival.it/en/?s={search_term_string}"},"query-input":{"@type":"PropertyValueSpecification","valueRequired":true,"valueName":"search_term_string"}}],"inLanguage":"en-US"}]}</script>
<!-- / Yoast SEO plugin. -->

Sin dai tempi di Joseph Schumpeter, sappiamo che il capitalismo funziona per cicli economici. Quando la sua potenza espansiva viene meno, il sistema si riorganizza. È quello che succede dopo la crisi del 2008, nel momento in cui le spinte dell’off-shoring e dell’economia globale si affievoliscono. In questo frangente, i grandi magnati del capitale avviano...
